0 + 91 + 16
13
Calculate 9 + -84 + 36 + 30.
-9
What is the value of (39 - (-6 - -53)) + 2 + 1 + 15?
10
What is the value of 53 + 101 + -141 + (-4 + 2 - 13)?
-2
8 + -10 - -11 - (-18 + 26 + -6)
7
What is -5 + -251 + 257 + -17 + -1 - -4?
-13
-6 - ((3 - 0) + 27 + -6 + -33 + 70)
-67
What is 43 - (79 + -35) - 26?
-27
What is the value of (-16 - (-8 + -12)) + -16 - -23?
11
What is the value of (0 - 3) + -8 + 6 + (43 - 45)?
-7
What is the value of 3 + 0 + (-2 - -35) + (-18 - 25) + 35?
28
What is 90 - (4 + 41 + -75 + 42)?
78
What is (-12 - (0 + 19)) + 17 + 5 + -11 + -2?
-22
Evaluate 57 + (-37 - 0) + 5 + -48.
-23
Calculate (101 + 1 - (-20 + 0 + 11 - -1)) + -11.
99
Evaluate 0 - (15 + -33 + 17 + -27).
28
Calculate 0 - -18 - 26 - (-12 - 0).
4
Calculate -43 - -3 - (-5 + -24).
-11
Evaluate 12 + 11 + -6 + -17 + 12.
12
What is -25 - -65 - (118 - 151)?
73
What is the value of -78 + (58 - (-25 - -35 - -17))?
-47
Calculate (10 - (16 - 17 - -2)) + 17.
26
What is -34 - (1 - 22) - (-9 - (-8 - -9))?
-3
Evaluate 90 + -48 - 38 - -22.
26
Evaluate (318 - 77) + -116 - 97.
28
What is the value of 129 - (-10 + (21 - 35)) - (-3 - (-12 - 3))?
141
Calculate -20 - ((32 - 88) + (-36 - -2)).
70
-3 + (-30 + 12 - -18) + -11 + 29
15
What is the value of 9 - (70 - 6) - (-3 - (-12 + 6))?
-58
Calculate -20 + (67 - -24 - 72).
-1
Evaluate 56 + (3 - (0 + -9 + 16 + -12 + -5)).
69
What is the value of 40 - (-26 + -25 + 159)?
-68
What is -150 + (-60 + -9 - -315)?
96
What is the value of -20 - (-36 - (-21 + 20)) - (8 + -5 - 12)?
24
Evaluate 17 + -21 - 22 - 19.
-45
-217 + 180 - (3 + -3)
-37
Calculate -939 + 938 + 0 + 35 - -55.
89
Evaluate (-24 - -6) + (1 + -1 - -2) + (117 - 125).
-24
Evaluate (-31 - 70 - -174) + 17.
90
What is the value of (29 - -27) + -45 + -41?
-30
What is (-1 - -8) + -4 + (58 - -32) + 9?
102
-5 + (15 - (13 + -14 + 21)) - 9
-19
-1 + (10 - 17) + (0 + -4 + 1 - 4)
-15
What is (114 + -38 - -19) + -10?
85
What is the value of (1 + (-4 - -2) - -39) + (-77 - (-247 + 169))?
39
What is the value of -70 - (-6 - 94) - (20 - 3)?
13
Calculate (9 - 32) + 2 + 2 - (33 - 26).
-26
What is the value of (-71 - -95 - -17) + 94?
135
Calculate 4 - ((3 - (-9 + -2)) + 32 + -14 + 2).
-30
What is 5 - (-4 - -3) - 3 - (-38 + -4 + 7)?
38
Calculate 8 - -6 - 2 - (25 - 2) - 13.
-24
What is 15 - (-39 + 12) - (-36 + 160)?
-82
-75 - -54 - (55 - 0 - 13)
-63
38 + (-107 - -68) - (-1 - 12)
12
Calculate 23 + (69 + -22 - 57).
13
Calculate 11 - (4 - (21 - 27)).
1
(-2 - -1) + 2 - -5 - (26 - (-128 + 115))
-33
What is -30 + 117 + -62 + 7?
32
(34 - (102 - 18)) + 43
-7
Evaluate 163 + -153 - (30 + -3 + 3).
-20
What is the value of 1 + 16 + 66 + -72 + -10 - (55 - 1)?
-53
What is the value of -63 - (-22 - -1 - -8 - (0 + -1))?
-51
Calculate -11 + (17 - 11) + -16 - -42 - -34.
55
Evaluate (-15 - -13 - -5) + 14 - 30.
-13
What is the value of 1787 + -1795 + (75 - (-5 - -4))?
68
What is -68 + 54 + (-5 - 0 - -36)?
17
Evaluate 46 + (-17 - (-5 - -2)) + (-1 - -2).
33
Evaluate -7 + 38 + -9 + (17 - -13).
52
Calculate 13 - (24 + (42 - 16)).
-37
Calculate 39 + -60 + 18 + 3 + -19 + 2.
-17
(-4 - (-9 - -29 - 9)) + -235 + 189
-61
Evaluate (158 - 259 - (-13 - (0 + 0))) + -3 + -1.
-92
What is -2 + -24 + 12323 + -12232?
65
(108 - 191) + 192 - 38
71
What is the value of -25 + -2 - (131 - (-59 - -119))?
-98
12 + -45 - (-99 + 33)
33
Evaluate -102 - (27 + -60 + 33) - (1 - 2).
-101
What is 11 - (55 + -123 + 54 - (13 - (-1 + 0)))?
39
What is (-5 - -2 - 9) + 14 + (119 - 16 - 15)?
90
Evaluate (-17 - 1) + 1786 + -1731.
37
Calculate 46 - 72 - -23 - -28.
25
Evaluate 98 + -71 - -30 - -70.
127
Calculate 3 + (6 - -1) + (26 - 50) + -47.
-61
What is the value of (-6 - 5) + -341 + 330 + 32?
10
Calculate (17879 - 17915) + 3 + (1 - -67).
35
Evaluate (18 - 24) + 39 + (9 - 24).
18
(-3 - 3) + -11 + ((4 - -3) + -1 - 5)
-16
-41 + 27 + 5 - -26
17
What is the value of (0 - 3) + (50 - -6) - (187 - 187)?
53
What is the value of 3 - (7 - (-6 + 72) - (1 - 4 - -2))?
61
What is the value of 25 - (-10 + 19) - (-69 + -15)?
100
Calculate -10 + -27 + 47 - -42.
52
What is -2 + -12 + 5 + 6 + -3?
-6
Evaluate 1 + (1 + 44 - (-883 + 909)).
20
1 - (12 + 41 - 58)
6
-18 + -16 + 49 - -1
16
What is 182 + (-33 - 99) + -113?
-63
Calculate (-11 - (7 + 3)) + (-53 - -51) + -4.
-27
Calculate -13 - (20 + -38) - (0 + 69).
-64
What is (-63 + 4 - -82) + 4 + -93?
-66
What is -4 + -10 - (-18 + 18) - -23 - 73?
-64
167 + -247 - (4 + 0)
-84
-7 + 6 + (-96 - -14) + 17
-66
What is (76 - 137) + 74 - (-3 - (-2 + 1))?
15
Calculate 19 - (559 + -570 + (3 - (-2 + 3))).
28
What is 26 + 19 + -19 + -7?
19
Evaluate 2 + -4 + (-2 + -1 - -13) + -41 + -11.
-44
Calculate 2 + 8 + (-41 - -66) + -35 - 11.
-11
What is the value of (-42 - (3 - 26) - -12) + (43 - -2) - -6?
44
What is the value of -6 + -13 + (-4 - (41 - 51 - (0 - -3)))?
-10
Evaluate -18 + 1 + 12 + 3 + 0 + -10.
-12
-124 + (9 - 22 - (-32 + 38 + -21 + -2))
-120
What is (3 - (9 - 60)) + -18?
36
What is the value of -81 + -72 + -26 + 135?
-44
What is 75 + -1 + (-13900 - -13812)?
-14
Calculate -18 + 70 + 35 + -76.
11
Evaluate 45 + (64 - 78 - 69).
-38
Evaluate (128 - 39 - -9) + -45.
53
-5 + -47 + 46 - (-44 + 0 + -1)
39
Calculate -118 + -74 - -220 - (1 + 60).
-33
Evaluate 73 - (1214 - 1179 - (15 + 2 + 0)).
55
Calculate (17 - 111) + (-31 - (1 - -4)).
-130
What is the value of -7 - -22 - (28 + -48 + 6)?
29
Evaluate (0 - -17) + (-12 + -38 + 25 - -31).
23
Evaluate (40 - 95) + 20 + -6.
-41
What is the value of -19 + 1 + (-90 - (33 + -127))?
-14
-16 + 33 - 18 - (-53 - -2 - 0)
50
Calculate (2 - 24) + (208 - 174) + 32.
44
Evaluate -9 + 0 + 0 + 216 + -107 + -70.
30
Evaluate 12 + -13 + 16 + (-16 - -10).
9
Evaluate (7 - (-3 - (-4 + -3))) + (98 - 30).
71
Calculate (1430 - 1582) + 13 + -9.
-148
Calculate (31 - 52) + (11 - -28).
18
What is (-11 - -30) + -45 + 32?
6
What is 0 + -2 + 3 + -26 - (-34 - (26 + -58))?
-23
What is 2 - (-29 + 11 + 12 - -20) - -29 - -11?
28
Evaluate 42 - (-55 - (32 + -96)).
33
(28 - 16) + -15 + -14 + 170 + -15
138
(29 - (-84 + 57)) + -114
-58
Evaluate 189 - (108 - 33) - 211.
-97
What is 72 - (83 + (130 - 173))?
32
Calculate -41 + (28 + 0 - (-657 - -634)).
10
Calculate -5 + (157 + -6 - ((54 - 30) + 0)).
122
What is the value of 20 - (4 - 7) - 72 - (1 + -4)?
-46
Evaluate 7 + (15 - 34 - (-20 - -6)) + 28.
30
Evaluate (82 - 186) + 140 - 2.
34
(1 - -1) + (12 - 75 - -32)
-29
Calculate (-22 + -120 - -83) + -57.
-116
What is (99 - 11) + (14 + -5 - 16 - 4)?
77
What is (-17 + -34 - -52) + -59?
-58
What is 157 + (87 - (-31 + 159))?
116
What is -4 - (52 + (-7 + 1 - -7) + -1 + -5)?
-51
Calculate (212 - (85 - -27)) + -54.
46
44 + 2 + 1 + -23 + (15 - 10)
29
Calculate 53 - 113 - (-15 - (-9 - -35)).
-19
9 + (4 - 7) + -20 - -32
18
What is the value of -23 + (-8 - 12) + 25 + 53?
35
Calculate 47 - (8 - 5 - (-3 + (-4 - 4))).
33
-3 - -13 - -26 - 35
1
Evaluate 4 + (8 - 13) - (-4 - (59 - 1)) - -12.
73
Evaluate -84 + -69 + 127 - 19.
-45
What is the value of (-24 - -6) + (4 - 10)?
-24
Evaluate -909 + 854 + (74 - 10).
9
Calculate (9 + -26 - -6) + 5 - (-2 - 1 - -10).
-13
Calculate (-18 + 111 - (44 + -32)) + -13.
68
Evaluate -1 - ((185 - 194) + (-2 + (1 - -1) - -64)).
-56
What is the value of -1 + -50 - (-7 + (-10 - 12) + 34 - -10)?
-66
What is the value of 1 + (-2 - 0 - -125) + 241 + -306 + 79?
138
What is -116 - 16 - -188 - (-1 + 0 - -17)?
40
What is the value of 51 + -31 + -32 - 58?
-70
(0 - 3) + -19 - (-75 + 248 + -98)
-97
-29 - (16 - 72) - -18 - (10 + -1)
36
What is 9 + -6 + 1 - (13 + (6 - 15)) - 53?
-53
74 + 1 + 213 + -270 + 44
62
Evaluate -26 - -14 - 10 - (-8 + 1 - (127 + -122)).
-10
62 + 7 + 4 + (-2 - -1) + -3 + -9
60
What is 47 + -7 + (243 - 226)?
57
Calculate (37 - 3) + (-31 + 44 - 16).
31
Calculate 1 - (-6 - (-1 + 10 + -29)).
-13
-52 + (-23 + 39 - -10)
-26
Calculate 91 + (59 - 65) - 174.
-89
40 + 113 + -28 + 10
135
104 - (74 + -69 - -17 - (0 - -7))
89
10 + 65 - (-219 + 331)
-37
(11 + -56 - 15) + (0 - (2 + 1))
-63
Calculate 0 + 6 + -15 - (50 + 18 - 14).
-63
What is 163 + 2 + 4 + (5 - 1) + 6 + -23?
156
(1 - 16) + (-27 - (42 - 241 - -36))
121
Evaluate 16 - (0 - (-31 - (-7 - 12))).
4
Evaluate 3 + -14 + (-70 - -193) + -73.
39
(55 - -22) + (-15 - 130)
-68
Evaluate -42 - (-53 - (-88 - -29)).
-48
-8 + -2 + 23 + -6 + (-6 - (-1 + -8))
10
Calculate 61 - (116 + -47) - (-3 + 9 - -72).
-86